atest common divisor of 78 and q?
26
Let o(t) = 3*t - 15. Let p be o(10). Suppose a = -0*a. Suppose 4*b - 191 + p = a. Calculate the greatest common divisor of 4 and b.
4
Let j(y) = 3*y**2 - 50*y + 83. Let a be j(17). Calculate the highest common divisor of 350 and a.
50
Suppose -3*i - c = -2*c - 106, 3*i = 2*c + 110. What is the greatest common factor of 2 and i?
2
Suppose -3*o = 5*k - 311, 0 = -2*k - 8*o + 6*o + 122. What is the highest common factor of k and 24?
8
Suppose -24 = -p + 2*y, -6*y + y - 95 = -5*p. Let l = p - 14. Let s = 7 + l. What is the greatest common factor of 77 and s?
7
Let a = -1623 - -1713. Calculate the highest common factor of 50 and a.
10
Let l be (0 - -13 - -8)/(1 + 0). Calculate the highest common factor of 21 and l.
21
Let w(z) be the first derivative of 2*z**3/3 + 7*z - 4. Let o be w(3). What is the highest common factor of 5 and o?
5
Let b(z) = -2*z**3 - 5*z**2 + 10*z + 37. Let w be b(-4). Calculate the greatest common factor of w and 20.
5
Let k = -3 - -6. Suppose k*n - 9 = 0, n = -4*o + 57 + 22. Calculate the highest common divisor of o and 247.
19
Suppose -11*t + 286 = -5*b - 10*t, -3*b - 3*t - 186 = 0. Let s = 78 + b. Calculate the greatest common factor of s and 20.
20
Let t(w) = w**2 - 2*w + 20. Let b be t(-9). Calculate the highest common divisor of b and 7.
7
Suppose -5*w - 17 = -t + 7, -2*w - 8 = -2*t. Let o be t/2*2*-3. What is the highest common divisor of o and 6?
3
Let w(c) = -c + 2. Let f be w(-14). Let l(y) = 41*y**2 + 2*y + 1. Let q be l(-1). What is the highest common divisor of q and f?
8
Suppose -13*k - 82 = -15*k. What is the greatest common factor of k and 41?
41
Let r be -25 + (-4 - (-8 - -4)). Let s be (r/20)/((-1)/4). Suppose -s*f + 15 + 25 = 0. Calculate the greatest common divisor of 24 and f.
8
Let p = 105 - 69. Let s = p + -11. Calculate the highest common factor of 5 and s.
5
Let x = -254 + 262. What is the greatest common factor of 328 and x?
8
Let w(z) = 132*z - 18. Let x be w(3). Calculate the highest common divisor of x and 54.
54
Suppose -4*a = -7*a. Suppose a = -k - 3*k + 16. Calculate the greatest common factor of 4 and k.
4
Let z = 210 + -125. Let h = 20 + z. What is the highest common factor of h and 42?
21
Suppose 0*z + 880 = 2*z + h, 4*h = 5*z - 2200. Suppose 16*x - z = 12*x. What is the greatest common factor of x and 22?
22
Let x(w) = -4*w + 2. Let q = 2 + -7. Let c be x(q). Suppose -3*f - 1097 = -5*k, -5*k = f - 1334 + 233. What is the highest common divisor of k and c?
22
Let m = -20 + 25. Suppose m*o - 429 = -29. Let g be (72/10)/(8/o). What is the greatest common divisor of g and 9?
9
Let v(o) = -75*o - 597. Let s be v(-13). Calculate the highest common factor of s and 108.
54
Let o(y) = y**2 + 15*y - 37. Let j be o(-18). What is the highest common divisor of j and 85?
17
Let t(c) = 3*c**2 - 14*c + 8. Let g be t(5). Let q = 34 - g. Calculate the greatest common factor of 14 and q.
7
Let n = -5 - -29. Let a(h) = 3*h**3 + h - 4. Let w be (-9)/36 + 34/8. Let q be a(w). What is the greatest common factor of n and q?
24
Suppose 2*z + 8 = -0. Let c be z - -5 - 8/(-1). What is the highest common divisor of c and 27?
9
Let t = 83 + -78. Let n be (t - -3)/((-3)/(-36)). Calculate the greatest common factor of n and 24.
24
Let i be 15 - 15/(-9 - -6). Calculate the greatest common factor of i and 5.
5
Let g = 625 - 320. What is the greatest common factor of g and 5?
5
Let v be 8/10*(-7 + 12) + -5. Let c be v/(((-6)/2)/114). What is the greatest common divisor of c and 57?
19
Suppose 3*r = -1 + 97. Let a be 8/12 + r/6. Let p be (-2428)/(-28) + a/21. What is the greatest common divisor of 29 and p?
29
Suppose 2*m - 2*h + 37 = 111, -5*m - h + 161 = 0. Let y(s) = 2*s - 7. Let z be y(5). What is the greatest common divisor of z and m?
3
Let s = -3 - -6. Suppose 0 = s*p - 30 - 12. Calculate the highest common factor of 2 and p.
2
Let f(a) = 9*a**2 + 22*a + 9. Let p be f(-3). Let g = 22 + 26. Calculate the greatest common factor of p and g.
24
Suppose 16 = -0*a + 4*a, 4*l - 36 = -2*a. Calculate the greatest common divisor of 7 and l.
7
Let u(b) = 3*b + 143. Let q be u(-22). What is the highest common factor of q and 7?
7
Let a(n) = 9*n**3 + n**2 + n - 1. Let y be a(1). Suppose -o = -0*o - y. Suppose 8*u + 15*u - 46 = 0. Calculate the greatest common divisor of u and o.
2
Let d = 831 - 486. Calculate the greatest common divisor of 15 and d.
15
Let j be (3 - 2/1) + 7. Let b be (j/12)/((-2)/(-360)). Suppose -15*t = -12*t - 144. Calculate the greatest common factor of t and b.
24
Let n = -50 - -56. Suppose 0 = 5*f - 49 - n. What is the greatest common factor of f and 11?
11
Suppose o = 5*p + 1, o - 2*p - 2*p = 2. Suppose 0 = w - 1. Suppose 15 = 7*v + w. Calculate the highest common factor of o and v.
2
Let a = 79 - 69. Suppose -3*b - 2*y = -0*b - 65, b + 3*y = a. Calculate the highest common divisor of b and 200.
25
Let y be (-146)/5*(-2)/((-24)/(-30)). Suppose -4*v - y = -t, 4*v + 138 = 3*t - t. Calculate the greatest common factor of t and 26.
13
Let b = 133 - 58. Suppose -42 = -3*a + 3*i, a + 2*a = -3*i + 48. Calculate the highest common factor of a and b.
15
Let p = -14 - -36. Suppose -4*t - p = b - 3*b, 4*b - 8 = -t. Let y be (45/b)/3 + 1. What is the greatest common factor of y and 12?
6
Let y(u) = -u + 12. Let p be y(0). Suppose 0 = 2*a - 16 - 16. Let d = a + -8. Calculate the greatest common divisor of p and d.
4
Suppose -3*p = -4*m - 6*p + 130, 5*p = 4*m - 146. Suppose -3*j - 5 + 29 = 0. Suppose -2176 = -8*h - j*h. Calculate the greatest common factor of h and m.
34
Let w(p) = -5*p**2 + 4*p - 14. Let q be w(5). Let r = q - -123. What is the highest common divisor of r and 14?
2
Suppose -2*w - v - 17 = -5*w, -5*w + 31 = -3*v. Let c = 54 + -19. Suppose 3*t = 2*t + c. Calculate the highest common divisor of t and w.
5
Let p be ((-492)/9)/((-5)/(-60)*-8). Calculate the greatest common divisor of p and 328.
82
Let z be (1/(-1))/(3 + -4). Suppose 5*x + 3*c = 78, z = 3*c - 2. Let u be (-6)/x - (-424)/10. Calculate the greatest common factor of 63 and u.
21
Suppose -x - 2*d - d = 11, 4*d + 8 = -3*x. Let i = 52 - 51. Let r be i + 1 + 2/(1 + -3). Calculate the highest common divisor of r and x.
1
Let w be (-3)/(1/4 - 1). Let j be (-3 - -1 - -4)*(-3 - 28). Let d = j + 66. Calculate the highest common divisor of d and w.
4
Let l(j) = 4*j - 8. Let d be l(16). Suppose 0 = h + h + k - d, 3*h = 3*k + 102. What is the highest common factor of 12 and h?
6
Let a(o) = -2*o + o - 6 - 7*o - o**2. Let j be a(-6). Suppose j*m = m + 30. What is the highest common divisor of m and 54?
6
Let c = 9 - 2. Suppose 3*d - c = -2*f, 4*f = 5*f + d - 5. Let l(p) = p**3 - 9*p**2 + 11*p - 3. Let x be l(f). What is the greatest common divisor of 21 and x?
21
Suppose -10*g + 102 = -4*g. Let i be (16/(-10))/(14/(-595)). What is the greatest common factor of g and i?
17
Let z be 15/2*(0 - -2). Suppose 2*n = z*n - 1092. Calculate the highest common divisor of 21 and n.
21
Let y = 33 - 29. Let v be 18*-1*(-2)/(24/y). What is the greatest common factor of v and 4?
2
Let r(w) = -12*w - 8. Let o be r(-4). Suppose 0 = o*z - 35*z - 40. What is the highest common factor of 4 and z?
4
Suppose -w = 2*y - 9, 3*y - w = 2*w - 9. Let n be y/(-3)*(-98 + 14). Calculate the highest common factor of n and 7.
7
Suppose 0 = -4*j - 4*v - 32, -3*j - v - 3*v = 20. Let t be (j/(-9))/(4/6). Let p be ((-30)/(-8))/(6/16). What is the highest common divisor of p and t?
2
Let y be (3/(-6))/((-1)/4). Suppose 0 = -a - 7 + 25. Let t be 4/a - (-142)/9. What is the greatest common divisor of t and y?
2
Let l = 0 - 0. Suppose 3*a = 6*a - 6. Suppose -a*i - 3*t = -11, l*t + 5*t = -i - 5. Calculate the highest common factor of 25 and i.
5
Let i be (-9)/(-2)*(-10)/15 + 127. What is the highest common factor of 31 and i?
31
Let b(n) = -12*n - 114. Let x be b(-10). Calculate the highest common factor of x and 51.
3
Let f be (-12414)/(-30) + 16/(-20). Calculate the highest common factor of f and 21.
7
Suppose -h - 6 + 72 = 0. Let s be 50 + 1/(-1)*6. What is the greatest common divisor of s and h?
22
Suppose 4*l = l + 81. Let v(c) = -2*c**2 - 23*c + 37. Let w be v(-12). Let x = l - w. What is the highest common divisor of x and 1?
1
Suppose 0 = 4*j - 19 - 21.